divisor of 160 and 128?
32
Calculate the greatest common factor of 1769 and 4941.
61
Calculate the highest common factor of 190 and 11628.
38
Calculate the highest common factor of 156 and 36.
12
Calculate the highest common divisor of 206 and 18.
2
Calculate the highest common divisor of 77 and 121.
11
What is the highest common divisor of 1444 and 12?
4
What is the highest common factor of 20 and 55?
5
Calculate the greatest common divisor of 4913 and 1445.
289
What is the highest common factor of 493 and 87?
29
What is the highest common factor of 19 and 1216?
19
What is the greatest common factor of 756 and 28?
28
What is the highest common divisor of 69 and 6693?
69
Calculate the greatest common divisor of 11414 and 26.
26
Calculate the greatest common divisor of 12 and 84.
12
Calculate the highest common factor of 468 and 260.
52
Calculate the highest common factor of 63 and 56.
7
What is the highest common factor of 550 and 88?
22
What is the greatest common divisor of 22 and 484?
22
What is the greatest common factor of 3 and 234?
3
Calculate the highest common divisor of 2 and 47.
1
What is the highest common factor of 24 and 21?
3
Calculate the greatest common factor of 44 and 2596.
44
Calculate the greatest common divisor of 111 and 185.
37
Calculate the highest common factor of 24 and 11.
1
What is the greatest common divisor of 115 and 69?
23
Calculate the highest common divisor of 1 and 61.
1
Calculate the greatest common divisor of 475 and 250.
25
What is the highest common divisor of 2915 and 55?
55
What is the greatest common divisor of 3311 and 77?
77
Calculate the highest common divisor of 323 and 418.
19
What is the greatest common factor of 330 and 957?
33
What is the highest common factor of 120187 and 31?
31
Calculate the greatest common divisor of 18 and 102.
6
What is the highest common factor of 22 and 22?
22
What is the highest common factor of 9366 and 336?
42
What is the greatest common factor of 19 and 1007?
19
Calculate the greatest common factor of 80 and 4520.
40
What is the highest common divisor of 512 and 64?
64
Calculate the highest common factor of 164 and 123.
41
Calculate the greatest common factor of 1711 and 29.
29
What is the greatest common factor of 713 and 124?
31
Calculate the greatest common divisor of 5 and 705.
5
What is the highest common factor of 268 and 4?
4
What is the greatest common factor of 80 and 820?
20
Calculate the greatest common factor of 268 and 96.
4
Calculate the greatest common factor of 18495 and 54.
27
Calculate the highest common divisor of 15 and 325.
5
What is the greatest common factor of 16 and 40?
8
What is the highest common divisor of 56 and 200?
8
What is the greatest common divisor of 124 and 124?
124
What is the greatest common factor of 92 and 34592?
92
What is the highest common divisor of 30 and 165?
15
Calculate the highest common divisor of 3005 and 5.
5
Calculate the highest common factor of 66 and 402.
6
Calculate the greatest common divisor of 11232 and 16.
16
What is the greatest common divisor of 3720 and 16?
8
What is the greatest common factor of 20 and 1340?
20
Calculate the highest common divisor of 2 and 534.
2
What is the greatest common divisor of 64 and 17216?
64
Calculate the greatest common divisor of 10673 and 13.
13
What is the highest common factor of 104257 and 137?
137
What is the greatest common factor of 80 and 400?
80
Calculate the highest common factor of 11 and 176.
11
What is the highest common divisor of 697 and 17?
17
Calculate the greatest common factor of 42778 and 146.
146
Calculate the highest common factor of 31446 and 18.
18
Calculate the highest common factor of 580 and 1508.
116
Calculate the highest common factor of 19241 and 271.
271
What is the highest common factor of 72 and 16?
8
Calculate the highest common divisor of 37 and 5069.
37
Calculate the greatest common divisor of 8 and 512.
8
Calculate the greatest common divisor of 192 and 672.
96
What is the greatest common divisor of 17 and 30379?
17
What is the highest common factor of 69 and 92?
23
Calculate the greatest common divisor of 6 and 6372.
6
What is the greatest common divisor of 3500 and 6500?
500
What is the highest common factor of 144 and 1206?
18
Calculate the greatest common factor of 9 and 2.
1
What is the highest common divisor of 80 and 30?
10
What is the greatest common factor of 18960 and 24?
24
Calculate the highest common factor of 117 and 11349.
117
Calculate the greatest common divisor of 10 and 2770.
10
What is the greatest common divisor of 3210 and 60?
30
Calculate the greatest common factor of 40721 and 129.
43
Calculate the highest common factor of 92 and 22103.
23
What is the greatest common divisor of 695 and 5?
5
What is the greatest common divisor of 370 and 8?
2
Calculate the greatest common divisor of 280 and 40.
40
What is the highest common divisor of 15 and 63930?
15
Calculate the highest common divisor of 9 and 291.
3
What is the greatest common factor of 5 and 44?
1
What is the highest common divisor of 850 and 68?
34
Calculate the highest common divisor of 793 and 117.
13
What is the highest common divisor of 2700 and 27?
27
Calculate the greatest common divisor of 48 and 1278.
6
Calculate the greatest common divisor of 20 and 100.
20
Calculate the greatest common divisor of 20 and 7580.
20
Calculate the greatest common divisor of 1053 and 891.
81
What is the highest common divisor of 1476 and 6150?
246
Calculate the greatest common divisor of 588 and 108.
12
What is the highest common divisor of 30 and 10390?
10
What is the greatest common factor of 120 and 165?
15
Calculate the greatest common divisor of 3915 and 90.
45
What is the greatest common factor of 65 and 2665?
65
What is the greatest common divisor of 285 and 22629?
57
Calculate the greatest common divisor of 10 and 1015.
5
What is the greatest common divisor of 84 and 3?
3
Calculate the highest common factor of 15 and 9.
3
What is the highest common factor of 39 and 501?
3
Calculate the highest common factor of 1359 and 18.
9
What is the highest common factor of 20 and 30?
10
Calculate the highest common divisor of 3128 and 221.
17
What is the greatest common factor of 110 and 5?
5
Calculate the highest common factor of 296 and 188.
4
Calculate the highest common factor of 598 and 26.
26
What is the highest common divisor of 24141 and 78?
39
What is the greatest common factor of 195 and 240?
15
What is the highest common divisor of 71 and 355?
71
What is the highest common divisor of 34 and 5134?
34
Calculate the highest common divisor of 3068 and 104.
52
Calculate the greatest common factor of 119 and 17.
17
What is the greatest common factor of 4582 and 474?
158
What is the greatest common divisor of 6 and 6?
6
What is the greatest common factor of 170 and 2686?
34
Calculate the greatest common divisor of 85 and 275.
5
Calculate the highest common divisor of 868 and 31.
31
Calculate the highest common divisor of 612 and 9.
9
What is the greatest common divisor of 19 and 817?
19
What is the greatest common divisor of 182 and 9009?
91
Calculate the highest common factor of 195 and 120.
15
Calculate the highest common factor of 6 and 6.
6
What is the highest common factor of 25 and 5825?
25
Calculate the highest common factor of 196 and 5733.
49
What is the highest common factor of 100 and 316?
4
What is the highest common divisor of 10633 and 217?
217
Calculate the greatest common factor of 81 and 102.
3
What is the greatest common divisor of 103 and 14111?
103
What is the greatest common divisor of 560 and 252?
28
Calculate the greatest common factor of 4504 and 8.
8
What is the highest common factor of 717 and 3?
3
Calculate the highest common factor of 42 and 182.
14
What is the greatest common divisor of 120 and 150?
30
What is the greatest common factor of 18 and 24?
6
What is the greatest common divisor of 620 and 372?
124
Calculate the highest common divisor of 16 and 5272.
8
What is the highest common divisor of 10943 and 31?
31
What is the highest common divisor of 6 and 1318?
2
What is the highest common divisor of 14 and 70?
14
Calculate the greatest common factor of 2983 and 38.
19
Calculate the highest common divisor of 920 and 60.
20
What is th